ds digit of 4806131?
0
What is the millions digit of 5743144?
5
What is the ten thousands digit of 663437?
6
What is the hundred thousands digit of 6044766?
0
What is the thousands digit of 176718?
6
What is the hundred thousands digit of 238052?
2
What is the thousands digit of 1171390?
1
What is the hundreds digit of 117203?
2
What is the hundred thousands digit of 3279181?
2
What is the millions digit of 4275095?
4
What is the ten thousands digit of 321143?
2
What is the hundred thousands digit of 146788?
1
What is the thousands digit of 542507?
2
What is the ten thousands digit of 604292?
0
What is the tens digit of 6310725?
2
What is the millions digit of 3245559?
3
What is the ten thousands digit of 692528?
9
What is the hundred thousands digit of 1405774?
4
What is the tens digit of 907527?
2
What is the millions digit of 2871698?
2
What is the millions digit of 20868658?
0
What is the hundreds digit of 646340?
3
What is the hundreds digit of 1912037?
0
What is the ten thousands digit of 208820?
0
What is the hundreds digit of 186360?
3
What is the thousands digit of 389592?
9
What is the tens digit of 539613?
1
What is the ten thousands digit of 1041425?
4
What is the hundreds digit of 193713?
7
What is the tens digit of 7140800?
0
What is the units digit of 2670470?
0
What is the hundred thousands digit of 2054993?
0
What is the ten thousands digit of 3034914?
3
What is the hundreds digit of 32410?
4
What is the ten thousands digit of 397534?
9
What is the hundreds digit of 2095015?
0
What is the thousands digit of 261427?
1
What is the thousands digit of 1400325?
0
What is the ten thousands digit of 6465150?
6
What is the thousands digit of 2509403?
9
What is the tens digit of 5741076?
7
What is the ten thousands digit of 681390?
8
What is the ten thousands digit of 8505084?
0
What is the tens digit of 19509826?
2
What is the units digit of 306442?
2
What is the hundred thousands digit of 7230722?
2
What is the thousands digit of 241512?
1
What is the ten thousands digit of 369072?
6
What is the hundreds digit of 207659?
6
What is the units digit of 1214886?
6
What is the units digit of 3552176?
6
What is the thousands digit of 314961?
4
What is the tens digit of 548335?
3
What is the units digit of 5879419?
9
What is the hundred thousands digit of 8084475?
0
What is the hundred thousands digit of 2224415?
2
What is the hundred thousands digit of 687301?
6
What is the tens digit of 561500?
0
What is the hundred thousands digit of 422228?
4
What is the ten thousands digit of 13635520?
3
What is the thousands digit of 3430893?
0
What is the hundreds digit of 4361646?
6
What is the hundreds digit of 404178?
1
What is the thousands digit of 12654849?
4
What is the tens digit of 5612?
1
What is the ten thousands digit of 174272?
7
What is the ten thousands digit of 669971?
6
What is the units digit of 270679?
9
What is the thousands digit of 6197827?
7
What is the hundred thousands digit of 544459?
5
What is the units digit of 5494057?
7
What is the hundreds digit of 5650125?
1
What is the thousands digit of 981797?
1
What is the units digit of 60253?
3
What is the thousands digit of 3072695?
2
What is the tens digit of 400562?
6
What is the units digit of 2546385?
5
What is the tens digit of 605041?
4
What is the units digit of 21650965?
5
What is the units digit of 1822003?
3
What is the units digit of 8546768?
8
What is the hundreds digit of 178802?
8
What is the tens digit of 12089?
8
What is the hundred thousands digit of 2892695?
8
What is the ten thousands digit of 74907?
7
What is the millions digit of 2386904?
2
What is the ten thousands digit of 182999?
8
What is the tens digit of 25623004?
0
What is the tens digit of 621890?
9
What is the hundreds digit of 1934853?
8
What is the units digit of 2351940?
0
What is the ten thousands digit of 211867?
1
What is the tens digit of 688643?
4
What is the tens digit of 74424?
2
What is the ten thousands digit of 1254503?
5
What is the tens digit of 22987?
8
What is the millions digit of 1876269?
1
What is the thousands digit of 1032195?
2
What is the units digit of 632922?
2
What is the tens digit of 3700?
0
What is the hundred thousands digit of 8278447?
2
What is the units digit of 197459?
9
What is the thousands digit of 489701?
9
What is the units digit of 22097?
7
What is the thousands digit of 336087?
6
What is the thousands digit of 58047?
8
What is the tens digit of 904402?
0
What is the tens digit of 445411?
1
What is the hundreds digit of 901694?
6
What is the tens digit of 409146?
4
What is the ten thousands digit of 5068423?
6
What is the tens digit of 1715896?
9
What is the hundreds digit of 999747?
7
What is the hundreds digit of 932537?
5
What is the tens digit of 9772181?
8
What is the hundreds digit of 39297?
2
What is the units digit of 3855002?
2
What is the tens digit of 1998733?
3
What is the tens digit of 948839?
3
What is the thousands digit of 230918?
0
What is the millions digit of 14245713?
4
What is the ten thousands digit of 1663686?
6
What is the hundreds digit of 7784077?
0
What is the millions digit of 1363901?
1
What is the hundred thousands digit of 10279610?
2
What is the units digit of 14955885?
5
What is the tens digit of 31067869?
6
What is the hundred thousands digit of 6685709?
6
What is the hundreds digit of 1444980?
9
What is the ten millions digit of 36913808?
3
What is the hundred thousands digit of 15840238?
8
What is the units digit of 722178?
8
What is the thousands digit of 4555797?
5
What is the hundreds digit of 10129?
1
What is the thousands digit of 15490965?
0
What is the millions digit of 5768294?
5
What is the hundreds digit of 1024?
0
What is the hundreds digit of 36143827?
8
What is the ten thousands digit of 8822932?
2
What is the hundreds digit of 186743?
7
What is the ten thousands digit of 12501772?
0
What is the ten thousands digit of 11268786?
6
What is the thousands digit of 179099?
9
What is the hundred thousands digit of 2359000?
3
What is the hundreds digit of 6726?
7
What is the hundred thousands digit of 2007283?
0
What is the hundreds digit of 79045?
0
What is the tens digit of 119278?
7
What is the hundreds digit of 11489?
4
What is the ten thousands digit of 1073533?
7
What is the ten thousands digit of 13409151?
0
What is the hundreds digit of 3472880?
8
What is the hundreds digit of 22404664?
6
What is the units digit of 68673?
3
What is the hundred thousands digit of 2083542?
0
What is the hundreds digit of 2338381?
3
What is the hundred thousands digit of 949211?
9
What is the units digit of 647169?
9
What is the hundreds digit of 2490596?
5
What is the ten thousands digit of 3771153?
7
What is the tens digit of 142863?
6
What is the thousands digit of 25162231?
2
What is the thousands digit of 1527910?
7
What is the hundreds digit of 3702970?
9
What is the thousands digit of 2862?
2
What is the hundreds digit of 861886?
8
What is the thousands digit of 391170?
1
What is the ten thousands digit of 348065?
4
What is the hundreds digit of 5309457?
4
What is the units digit of 3294136?
6
What is the tens digit of 1863454?
5
What is the ten thousands digit of 1872037?
7
What is the thousands digit of 1050002?
0
What is the hundred thousands digit of 121514?
1
What is the ten thousands digit of 226971?
2
What is the tens digit of 5391825?
2
What is the tens digit of 525513?
1
What is the units digit of 328864?
4
What is the ten thousands digit of 159663?
5
What is the thousands digit of 95434?
5
What is the hundreds digit of 745106?
1
What is the units digit of 646204?
4
What is the ten thousands digit of 10811?
1
What is the hundreds digit of 17154220?
2
What is the thousands digit of 1185365?
5
What is the ten thousands digit of 11808916?
0
What is the hundreds digit of 366438?
4
What is the ten thousands digit of 383020?
8
What is the millions digit of 5323504?
5
What is the ten thousands digit of 2043807?
4
What is the ten thousands digit of 82831?
8
What is the tens digit of 967054?
5
What is the units digit of 69944?
4
What is the ten thousands digit of 8236973?
3
What is the units digit of 23701428?
8
What is the thousands digit of 48426?
8
What is the hundred thousands digit of 113685?
1
What is the units 